se -1 = 4*i - 5. What is the units digit of o(i)?
1
Suppose -2*u = -3*u + 5*i + 144, -3*u + 5*i + 472 = 0. What is the tens digit of u?
6
Let v(i) = -i**3 + 4*i. Let k be v(-5). Suppose -5*q + 10*q - k = 0. What is the units digit of q?
1
Let s(r) = -r**3 + 6*r**2 + 4. Let t(x) = -x**2 - 5*x + 6. Let d be (-1)/5 + 24/(-5). Let k be t(d). What is the units digit of s(k)?
4
Suppose 6 = -3*a + 3*k, 2*k - 4 = -4*a - a. Let s(w) = -w + 16. Let c be s(0). Suppose -c = -4*h - a. What is the units digit of h?
4
Suppose -4*s + 2*o = 42, -o = -2*s - 4*o - 17. What is the tens digit of (-314)/s - (-6)/(-15)?
3
Let c(g) = 16*g**2 + 2*g + 1. Let q be c(-1). Let v be 6/5*(-100)/q. Let i(y) = -y - 1. What is the units digit of i(v)?
7
Let g = -22 - -60. What is the tens digit of g?
3
Suppose 348 = 5*t - 2*w, -6*t = -t + 3*w - 353. What is the tens digit of t?
7
Let h(z) = -z**3 - 10*z**2 - z. Suppose 0 = 2*m + 3*m. Suppose c = -m*c - 10. What is the tens digit of h(c)?
1
Let v = 1 + 1. Suppose v*r - 4*k = 16, -3*k - 6 = -k. What is the units digit of r/(-1) - 27/(-3)?
7
Let x(v) = v**2 - v - 4. Let o be x(10). Let p = 120 - o. What is the units digit of p?
4
Let a(h) = -h**3 - 5*h**2 - 2*h - 7. Let f be a(-5). Suppose -2*d - d - 3*g = 0, f*d - 4*g = 0. Suppose d*p + 15 = 5*p. What is the units digit of p?
3
Suppose -4*o + 25 = 1. Let r be (4/o)/((-1)/3). Let y(s) = 2*s**2 + s - 2. What is the units digit of y(r)?
4
Suppose -2*y = 4*a + 68, y - 94 = 5*a - y. Let n = a + 10. What is the units digit of (-15)/(-2)*n/(-12)?
5
Suppose -17 = -4*o - 3*p, -7 = 5*p - 22. Let a = -5 + 5. Suppose n + a = o. What is the units digit of n?
2
Let s(x) = x + 11. Let z be s(-6). Suppose 5*v = z*n + 100, 3*n = -v + 6 + 30. What is the units digit of v?
4
What is the units digit of (-1504)/(-12) + (-6)/(-9)?
6
Let m = -342 - -501. What is the units digit of m?
9
Let j = 2 - -7. Suppose -28 = -3*q + 32. Suppose -q = 4*c - j*c. What is the units digit of c?
4
Suppose -5*f - 3*d + 80 = -75, -31 = -f + 5*d. What is the tens digit of f?
3
Suppose -4*h = 8, -2*m - h + 16 = -4*m. Let a(x) = -8*x**2 - 2*x**3 - 5 + x**3 + 9*x - x. What is the units digit of a(m)?
4
Suppose 3*s + 33 = 9. Let w be 55/2*12/15. Let m = w + s. What is the units digit of m?
4
Suppose -3*b + 90 - 6 = 0. What is the tens digit of b?
2
Suppose -4*q + 275 = -5*j + 32, -4*j = 5*q - 273. What is the units digit of q?
7
Let q = 86 - 43. What is the tens digit of q?
4
Suppose -5*j = -2*f - 4, 5*f - 3*j - 7 = j. Let y(z) = 3 + 4*z**2 - 6*z**2 - 5 + 2*z**f. What is the units digit of y(2)?
6
Suppose 3*y = 132 + 66. Let p = y + -39. What is the tens digit of p?
2
Let q(t) = t**3 + 5*t**2 + 3*t - 3. Suppose -3*r = -8*r + 30. Suppose -r = -3*s + 5*s. What is the units digit of q(s)?
6
Suppose 24 = 5*x - x. Suppose 8*p - 16 = x*p. What is the units digit of p?
8
Let f(d) = -d**3 - 17*d**2 - 10*d + 47. What is the hundreds digit of f(-17)?
2
Let b be (-1*4 - -2)*11. Let f = 47 + b. What is the units digit of f?
5
Let p = 0 - -2. Suppose -4*w + 24 = -p*w. What is the tens digit of w?
1
Let r = 48 - 34. Suppose 0*t - r = -t. What is the units digit of t?
4
Let r = -16 + 27. What is the tens digit of r?
1
What is the units digit of (-10)/4*456/(-20)?
7
Let m be (48/(-18))/((-1)/3). Let w = 22 - m. What is the tens digit of w?
1
Suppose -2*d + 17 = y, 3*y + 1 + 3 = 5*d. Let u(q) = q**3 - 6*q**2 - 5*q + 4. What is the units digit of u(y)?
8
Let m(q) = -q**2 - 5*q - 4. Let o be m(-4). Let c = 19 - o. What is the tens digit of c?
1
Let j(i) = i**3 + 6*i**2 + i + 4. What is the tens digit of j(-4)?
3
Let f(n) be the third derivative of -n**7/5040 + n**6/60 - n**5/30 - n**2. Let j(m) be the third derivative of f(m). What is the units digit of j(7)?
5
Suppose 4*u + 4 = 0, -161 = -4*w + 5*u - 0*u. What is the tens digit of w?
3
Suppose -2*t = -0 - 8. What is the units digit of t?
4
Suppose 3 = a + 3*y - 5, -4 = -3*a + y. Let b be -8 + a/(0 - 1). What is the units digit of (0 - 2) + 0 - b?
8
Let p(h) = -h**2 + 5*h - 2. Suppose 0*i - 6 = -3*i. What is the units digit of p(i)?
4
Suppose -5*w = -15, -4*y - 2*w + 39 + 67 = 0. What is the units digit of y?
5
Suppose -5*k = 3*z - 118, 0 = -5*z - 3*k - k + 201. What is the tens digit of z?
4
Suppose 2*o + 2*o = 8. Suppose t - 6 = -o*t. What is the units digit of t?
2
Let w(v) = -v + 9. Let z be w(8). Let m(x) be the third derivative of x**6/15 - x**5/30 + x**4/24 + 4*x**2. What is the units digit of m(z)?
7
Let s(m) = -m**2 + 7*m - 7. Let r be s(6). Let q be (1 + r - 30)*-2. Suppose -q = -6*w + w. What is the units digit of w?
2
Suppose -5*f - 5*c + 108 = 13, c = 2*f - 29. What is the units digit of f?
6
Suppose -6 - 3 = -3*x. What is the units digit of x?
3
Let a = 6 - 9. Let u be a/9*(-3 + 3). Suppose 2*l = 3*i + 21 + 10, -l + i + 16 = u. What is the units digit of l?
7
Let a(p) = p - 9. Let r be a(9). Suppose -2*k + 8 = -r*k. What is the units digit of k?
4
What is the hundreds digit of -1*((-786)/3)/2?
1
Let j(z) = -8*z - 6. What is the tens digit of j(-3)?
1
What is the units digit of 6*-1 + 918/17?
8
Let p = -88 + 152. What is the units digit of p?
4
Let v(s) = -s**2 + s + 1. Let y be v(2). Let b = y + 13. What is the units digit of b?
2
Suppose -31*p + 27*p + 532 = 0. What is the tens digit of p?
3
Let y = -1 + -5. What is the units digit of 20*y*(-2)/15?
6
Suppose -4*a = -6*a + 6. Let n = a - 0. Suppose -n*p - 1 = l - 15, 3*l - 58 = -p. What is the units digit of l?
0
Suppose 3*y - 36 = 5*c + 45, -3*y - 3*c = -105. What is the tens digit of y?
3
Suppose 1 = -2*b + 5. Suppose -2*r + b*s + 8 = 0, -3*s - s = 5*r + 7. What is the units digit of r?
1
Suppose 2*s - 5*m - 3 = 35, 78 = 2*s + 5*m. What is the tens digit of s?
2
Let z(b) = 4*b - 2. Suppose 4*k + 3*g - 24 - 8 = 0, 4*k + 2*g - 28 = 0. Let q = k - 3. What is the units digit of z(q)?
6
Let k be (-6)/10 + (-2088)/20. Let p = 158 + k. Suppose 3*f = -v + p, -3*f - 3*v + 83 = 2*f. What is the units digit of f?
9
Let b(m) = m**2 - 15*m + 16. Let s be b(14). Suppose -4*y + s = -3*y. What is the units digit of y?
2
Let f(v) = 3*v**3 + 3*v**2 - 3*v + 3. Let w = -5 + 7. Let z be f(w). Suppose 0 = 5*q - z - 12. What is the units digit of q?
9
Let q(f) be the second derivative of -5*f**3/6 + f**2 + 2*f. What is the units digit of q(-2)?
2
Suppose -3 = 3*v - 15. Let h(n) = 2 - 4*n - 5 + v. What is the units digit of h(-1)?
5
Suppose 2*x - 3*u - 22 = -u, -5*x + 15 = 3*u. Let m = x + -4. Suppose m*n + 0*n = 12. What is the units digit of n?
6
Let i(y) = -y**3 - y**2 - y + 2. What is the tens digit of i(-4)?
5
Suppose -2*q - 5 = -7*q. What is the units digit of q?
1
Suppose 0 = 4*h - 0*h. Suppose 6 = c - h*c. What is the units digit of c?
6
What is the units digit of (-1)/(-4)*82*2?
1
Let u be 7/((-7)/(-6)) - -2. Suppose -u = -4*o - 3*j, 5*o + 0*o - 10 = 5*j. Suppose n + 2 - 3 = 2*s, o*n - 8 = -2*s. What is the units digit of n?
3
Let n(t) be the second derivative of -t**4/12 - 3*t**3/2 - 5*t**2/2 + 4*t. What is the units digit of n(-8)?
3
Suppose -2*u = -3*p - 42, 38 = 2*u - p - 3*p. What is the tens digit of u?
2
Let u be ((-4)/(-8))/(2/(-20)). Let x(j) = -3*j + 7. Let g be x(u). Suppose 4*t - g = 2. What is the units digit of t?
6
Let l = -20 + 121. What is the hundreds digit of l?
1
Let w = 58 - 34. What is the tens digit of w?
2
Suppose -5*m = -x - 3, 0 = 3*m + 4*x + x + 15. Suppose m*t = -j - 4*t + 14, 0 = -4*j + 3*t + 75. What is the units digit of j?
8
Suppose -9*s + 2*s = -1134. What is the tens digit of s?
6
What is the hundreds digit of 9 + 301 - (2 - (0 - 1))?
3
Suppose -3*n - 93 + 558 = 0. What is the hundreds digit of n?
1
Let h be (-1 + 3/2)*4. Suppose -10 = -4*p + h*u, -2*u = -2*p + 3*u + 17. What is the units digit of p?
1
Let h be 4 + (0 - -1)*-2. Suppose -4*l + h = -3*l. Suppose -l*g - 2*g = -4. What is the units digit of g?
1
Suppose 5*z - 4*k = 62 + 92, -149 = -5*z - k. What is the tens digit of z?
3
Let b(l) = 6*l**2 + 3 - 7 + l - 5*l**2. Let m be b(-3). Suppose -3*s + 18 = m*w + 5, 0 = -2*s + 4*w - 2. What is the units digit of s?
3
Suppose 4*r - 2*v = 642, -10*v = -5*r - 6*v + 810. What is the hundreds digit of r?
1
Let q(l) = l**2 + 4*l. Let w be q(-2). Let r = w + 13. What is the units digit of r?
9
Suppose 7*h = 2*